{"id":1817,"date":"2020-10-27T14:54:39","date_gmt":"2020-10-27T13:54:39","guid":{"rendered":"http:\/\/steevenarcisse.com\/?page_id=1817"},"modified":"2020-10-27T14:55:52","modified_gmt":"2020-10-27T13:55:52","slug":"lieux-de-shooting","status":"publish","type":"page","link":"https:\/\/steevenarcisse.com\/index.php\/lieux-de-shooting\/","title":{"rendered":"Lieux de shooting"},"content":{"rendered":"\n<p>Lieu abandonn\u00e9 \u00e0 Oissel<\/p>\n\n\n\n\n\n\n<p>.<\/p>\n\n\n\n<p>Lieu discret \u00e0 Romilly, isol\u00e9, personne aux alentours<\/p>\n\n\n<div  id=\"jtg-1764\" class=\"modula modula-gallery modula-custom-grid\" data-config=\"{&quot;height&quot;:800,&quot;tabletHeight&quot;:800,&quot;mobileHeight&quot;:800,&quot;desktopHeight&quot;:800,&quot;enableTwitter&quot;:false,&quot;enableWhatsapp&quot;:false,&quot;enableFacebook&quot;:false,&quot;enablePinterest&quot;:false,&quot;enableLinkedin&quot;:false,&quot;enableEmail&quot;:false,&quot;randomFactor&quot;:0.5,&quot;type&quot;:&quot;custom-grid&quot;,&quot;columns&quot;:12,&quot;gutter&quot;:10,&quot;mobileGutter&quot;:10,&quot;tabletGutter&quot;:10,&quot;desktopGutter&quot;:10,&quot;enableResponsive&quot;:&quot;0&quot;,&quot;tabletColumns&quot;:&quot;2&quot;,&quot;mobileColumns&quot;:&quot;1&quot;,&quot;lazyLoad&quot;:0,&quot;lightboxOpts&quot;:{&quot;animated&quot;:true,&quot;Thumbs&quot;:{&quot;type&quot;:&quot;modern&quot;,&quot;showOnStart&quot;:false},&quot;Toolbar&quot;:{&quot;display&quot;:{&quot;right&quot;:[&quot;close&quot;]},&quot;enabled&quot;:true},&quot;Carousel&quot;:{&quot;Panzoom&quot;:{&quot;touch&quot;:true},&quot;infinite&quot;:false},&quot;keyboard&quot;:{&quot;Escape&quot;:&quot;close&quot;,&quot;Delete&quot;:&quot;close&quot;,&quot;Backspace&quot;:&quot;close&quot;,&quot;PageUp&quot;:false,&quot;PageDown&quot;:false,&quot;ArrowUp&quot;:false,&quot;ArrowDown&quot;:false,&quot;ArrowRight&quot;:false,&quot;ArrowLeft&quot;:false},&quot;touch&quot;:false,&quot;backdropClick&quot;:false,&quot;l10n&quot;:{&quot;CLOSE&quot;:&quot;Close&quot;,&quot;NEXT&quot;:&quot;Next&quot;,&quot;PREV&quot;:&quot;Previous&quot;,&quot;Error&quot;:&quot;The requested content cannot be loaded. Please try again later.&quot;,&quot;PLAY_START&quot;:&quot;Start slideshow&quot;,&quot;PLAY_STOP&quot;:&quot;Pause slideshow&quot;,&quot;FULL_SCREEN&quot;:&quot;Full screen&quot;,&quot;THUMBS&quot;:&quot;Thumbnails&quot;,&quot;DOWNLOAD&quot;:&quot;Download&quot;,&quot;SHARE&quot;:&quot;Share&quot;,&quot;ZOOM&quot;:&quot;Zoom&quot;,&quot;EMAIL&quot;:&quot;Here is the link to the image : %%image_link%% and this is the link to the gallery : %%gallery_link%%&quot;,&quot;MODAL&quot;:&quot;You can close this modal content with the ESC key&quot;,&quot;ERROR&quot;:&quot;Something Went Wrong, Please Try Again Later&quot;,&quot;IMAGE_ERROR&quot;:&quot;Image Not Found&quot;,&quot;ELEMENT_NOT_FOUND&quot;:&quot;HTML Element Not Found&quot;,&quot;AJAX_NOT_FOUND&quot;:&quot;Error Loading AJAX : Not Found&quot;,&quot;AJAX_FORBIDDEN&quot;:&quot;Error Loading AJAX : Forbidden&quot;,&quot;IFRAME_ERROR&quot;:&quot;Error Loading Page&quot;,&quot;TOGGLE_ZOOM&quot;:&quot;Toggle zoom level&quot;,&quot;TOGGLE_THUMBS&quot;:&quot;Toggle thumbnails&quot;,&quot;TOGGLE_SLIDESHOW&quot;:&quot;Toggle slideshow&quot;,&quot;TOGGLE_FULLSCREEN&quot;:&quot;Toggle full-screen mode&quot;},&quot;Images&quot;:{&quot;Panzoom&quot;:{&quot;maxScale&quot;:2}},&quot;mainClass&quot;:&quot;modula-fancybox-container modula-lightbox-jtg-1764&quot;,&quot;Html&quot;:{&quot;videoAutoplay&quot;:0,&quot;videoTpl&quot;:&quot;&lt;video class=\\&quot;fancybox__html5video\\&quot; controls muted playsinline controlsList controlsList=\\&quot;nodownload\\&quot; poster=\\&quot;{{poster}}\\&quot; src=\\&quot;{{src}}\\&quot; type=\\&quot;{{format}}\\&quot; &gt;  Sorry, your browser doesn&#039;t support embedded videos, &lt;a href=\\&quot;{{src}}\\&quot;&gt; download &lt;\\\/a&gt; and watch with your favorite video player! &lt;\\\/video&gt;&quot;}},&quot;inView&quot;:false,&quot;email_subject&quot;:&quot;Check out this awesome image !!&quot;,&quot;email_message&quot;:&quot;Here is the link to the image : %%image_link%% and this is the link to the gallery : %%gallery_link%%&quot;,&quot;lightbox&quot;:&quot;fancybox&quot;}\">\n\n\t\n\t<div  class=\"modula-items\">\n\t\t<div class=\"modula-item effect-pufrobo\" data-width=\"12\" data-height=\"10\" >\n\t<div class=\"modula-item-overlay\"><\/div>\n\n\t<div class=\"modula-item-content\">\n\n\t\t<a data-image-id=\"1765\" role=\"button\" tabindex=\"0\" rel=\"jtg-1764\" data-caption=\"\" aria-label=\"Open image in lightbox\" class=\"tile-inner modula-item-link\"><\/a><img loading=\"lazy\" decoding=\"async\" class=\"pic wp-image-1765\"  data-valign=\"middle\" data-halign=\"center\" alt=\"\" data-full=\"https:\/\/steevenarcisse.com\/wp-content\/uploads\/2020\/10\/DSC_0689.jpg\" title=\"DSC_0689\" crop=\"\" width=\"300\" height=\"200\" src=\"https:\/\/steevenarcisse.com\/wp-content\/uploads\/2020\/10\/DSC_0689-300x200.jpg\" data-src=\"https:\/\/steevenarcisse.com\/wp-content\/uploads\/2020\/10\/DSC_0689-300x200.jpg\" data-caption=\"\" srcset=\"https:\/\/steevenarcisse.com\/wp-content\/uploads\/2020\/10\/DSC_0689-scaled.jpg 2560w, https:\/\/steevenarcisse.com\/wp-content\/uploads\/2020\/10\/DSC_0689-scaled-300x200.jpg 300w, https:\/\/steevenarcisse.com\/wp-content\/uploads\/2020\/10\/DSC_0689-1024x684.jpg 1024w, https:\/\/steevenarcisse.com\/wp-content\/uploads\/2020\/10\/DSC_0689-768x513.jpg 768w, https:\/\/steevenarcisse.com\/wp-content\/uploads\/2020\/10\/DSC_0689-400x267.jpg 400w, https:\/\/steevenarcisse.com\/wp-content\/uploads\/2020\/10\/DSC_0689-1536x1025.jpg 1536w, https:\/\/steevenarcisse.com\/wp-content\/uploads\/2020\/10\/DSC_0689-2048x1367.jpg 2048w\" sizes=\"auto, (max-width: 300px) 100vw, 300px\" \/>\n\t\t<div class=\"figc no-description\">\n\t\t\t<div class=\"figc-inner\">\n\t\t\t\t\t\t\t\t\t\t\t\t\t\t\t<\/div>\n\t\t<\/div>\n\n\t<\/div>\n\n<\/div><div class=\"modula-item effect-pufrobo\" data-width=\"12\" data-height=\"8\" >\n\t<div class=\"modula-item-overlay\"><\/div>\n\n\t<div class=\"modula-item-content\">\n\n\t\t<a data-image-id=\"1766\" role=\"button\" tabindex=\"0\" rel=\"jtg-1764\" data-caption=\"\" aria-label=\"Open image in lightbox\" class=\"tile-inner modula-item-link\"><\/a><img loading=\"lazy\" decoding=\"async\" class=\"pic wp-image-1766\"  data-valign=\"middle\" data-halign=\"center\" alt=\"\" data-full=\"https:\/\/steevenarcisse.com\/wp-content\/uploads\/2020\/10\/DSC_0716.jpg\" title=\"DSC_0716\" crop=\"\" width=\"300\" height=\"200\" src=\"https:\/\/steevenarcisse.com\/wp-content\/uploads\/2020\/10\/DSC_0716-300x200.jpg\" data-src=\"https:\/\/steevenarcisse.com\/wp-content\/uploads\/2020\/10\/DSC_0716-300x200.jpg\" data-caption=\"\" srcset=\"https:\/\/steevenarcisse.com\/wp-content\/uploads\/2020\/10\/DSC_0716-scaled.jpg 2560w, https:\/\/steevenarcisse.com\/wp-content\/uploads\/2020\/10\/DSC_0716-scaled-300x200.jpg 300w, https:\/\/steevenarcisse.com\/wp-content\/uploads\/2020\/10\/DSC_0716-1024x684.jpg 1024w, https:\/\/steevenarcisse.com\/wp-content\/uploads\/2020\/10\/DSC_0716-768x513.jpg 768w, https:\/\/steevenarcisse.com\/wp-content\/uploads\/2020\/10\/DSC_0716-400x267.jpg 400w, https:\/\/steevenarcisse.com\/wp-content\/uploads\/2020\/10\/DSC_0716-1536x1025.jpg 1536w, https:\/\/steevenarcisse.com\/wp-content\/uploads\/2020\/10\/DSC_0716-2048x1367.jpg 2048w\" sizes=\"auto, (max-width: 300px) 100vw, 300px\" \/>\n\t\t<div class=\"figc no-description\">\n\t\t\t<div class=\"figc-inner\">\n\t\t\t\t\t\t\t\t\t\t\t\t\t\t\t<\/div>\n\t\t<\/div>\n\n\t<\/div>\n\n<\/div><div class=\"modula-item effect-pufrobo\" data-width=\"12\" data-height=\"7\" >\n\t<div class=\"modula-item-overlay\"><\/div>\n\n\t<div class=\"modula-item-content\">\n\n\t\t<a data-image-id=\"1767\" role=\"button\" tabindex=\"0\" rel=\"jtg-1764\" data-caption=\"\" aria-label=\"Open image in lightbox\" class=\"tile-inner modula-item-link\"><\/a><img loading=\"lazy\" decoding=\"async\" class=\"pic wp-image-1767\"  data-valign=\"middle\" data-halign=\"center\" alt=\"\" data-full=\"https:\/\/steevenarcisse.com\/wp-content\/uploads\/2020\/10\/DSC_0723.jpg\" title=\"DSC_0723\" crop=\"\" width=\"300\" height=\"200\" src=\"https:\/\/steevenarcisse.com\/wp-content\/uploads\/2020\/10\/DSC_0723-300x200.jpg\" data-src=\"https:\/\/steevenarcisse.com\/wp-content\/uploads\/2020\/10\/DSC_0723-300x200.jpg\" data-caption=\"\" srcset=\"https:\/\/steevenarcisse.com\/wp-content\/uploads\/2020\/10\/DSC_0723-scaled.jpg 2560w, https:\/\/steevenarcisse.com\/wp-content\/uploads\/2020\/10\/DSC_0723-scaled-300x200.jpg 300w, https:\/\/steevenarcisse.com\/wp-content\/uploads\/2020\/10\/DSC_0723-1024x684.jpg 1024w, https:\/\/steevenarcisse.com\/wp-content\/uploads\/2020\/10\/DSC_0723-768x513.jpg 768w, https:\/\/steevenarcisse.com\/wp-content\/uploads\/2020\/10\/DSC_0723-400x267.jpg 400w, https:\/\/steevenarcisse.com\/wp-content\/uploads\/2020\/10\/DSC_0723-1536x1025.jpg 1536w, https:\/\/steevenarcisse.com\/wp-content\/uploads\/2020\/10\/DSC_0723-2048x1367.jpg 2048w\" sizes=\"auto, (max-width: 300px) 100vw, 300px\" \/>\n\t\t<div class=\"figc no-description\">\n\t\t\t<div class=\"figc-inner\">\n\t\t\t\t\t\t\t\t\t\t\t\t\t\t\t<\/div>\n\t\t<\/div>\n\n\t<\/div>\n\n<\/div><div class=\"modula-item effect-pufrobo\" data-width=\"12\" data-height=\"8\" >\n\t<div class=\"modula-item-overlay\"><\/div>\n\n\t<div class=\"modula-item-content\">\n\n\t\t<a data-image-id=\"1768\" role=\"button\" tabindex=\"0\" rel=\"jtg-1764\" data-caption=\"\" aria-label=\"Open image in lightbox\" class=\"tile-inner modula-item-link\"><\/a><img loading=\"lazy\" decoding=\"async\" class=\"pic wp-image-1768\"  data-valign=\"middle\" data-halign=\"center\" alt=\"\" data-full=\"https:\/\/steevenarcisse.com\/wp-content\/uploads\/2020\/10\/DSC_0890.jpg\" title=\"DSC_0890\" crop=\"\" width=\"300\" height=\"200\" src=\"https:\/\/steevenarcisse.com\/wp-content\/uploads\/2020\/10\/DSC_0890-300x200.jpg\" data-src=\"https:\/\/steevenarcisse.com\/wp-content\/uploads\/2020\/10\/DSC_0890-300x200.jpg\" data-caption=\"\" srcset=\"https:\/\/steevenarcisse.com\/wp-content\/uploads\/2020\/10\/DSC_0890-scaled.jpg 2560w, https:\/\/steevenarcisse.com\/wp-content\/uploads\/2020\/10\/DSC_0890-scaled-300x200.jpg 300w, https:\/\/steevenarcisse.com\/wp-content\/uploads\/2020\/10\/DSC_0890-1024x684.jpg 1024w, https:\/\/steevenarcisse.com\/wp-content\/uploads\/2020\/10\/DSC_0890-768x513.jpg 768w, https:\/\/steevenarcisse.com\/wp-content\/uploads\/2020\/10\/DSC_0890-400x267.jpg 400w, https:\/\/steevenarcisse.com\/wp-content\/uploads\/2020\/10\/DSC_0890-1536x1025.jpg 1536w, https:\/\/steevenarcisse.com\/wp-content\/uploads\/2020\/10\/DSC_0890-2048x1367.jpg 2048w\" sizes=\"auto, (max-width: 300px) 100vw, 300px\" \/>\n\t\t<div class=\"figc no-description\">\n\t\t\t<div class=\"figc-inner\">\n\t\t\t\t\t\t\t\t\t\t\t\t\t\t\t<\/div>\n\t\t<\/div>\n\n\t<\/div>\n\n<\/div><div class=\"modula-item effect-pufrobo\" data-width=\"6\" data-height=\"6\" >\n\t<div class=\"modula-item-overlay\"><\/div>\n\n\t<div class=\"modula-item-content\">\n\n\t\t<a data-image-id=\"1769\" role=\"button\" tabindex=\"0\" rel=\"jtg-1764\" data-caption=\"\" aria-label=\"Open image in lightbox\" class=\"tile-inner modula-item-link\"><\/a><img loading=\"lazy\" decoding=\"async\" class=\"pic wp-image-1769\"  data-valign=\"middle\" data-halign=\"center\" alt=\"\" data-full=\"https:\/\/steevenarcisse.com\/wp-content\/uploads\/2020\/10\/DSC_0917.jpg\" title=\"DSC_0917\" crop=\"\" width=\"200\" height=\"300\" src=\"https:\/\/steevenarcisse.com\/wp-content\/uploads\/2020\/10\/DSC_0917-200x300.jpg\" data-src=\"https:\/\/steevenarcisse.com\/wp-content\/uploads\/2020\/10\/DSC_0917-200x300.jpg\" data-caption=\"\" srcset=\"https:\/\/steevenarcisse.com\/wp-content\/uploads\/2020\/10\/DSC_0917-scaled.jpg 1709w, https:\/\/steevenarcisse.com\/wp-content\/uploads\/2020\/10\/DSC_0917-scaled-200x300.jpg 200w, https:\/\/steevenarcisse.com\/wp-content\/uploads\/2020\/10\/DSC_0917-684x1024.jpg 684w, https:\/\/steevenarcisse.com\/wp-content\/uploads\/2020\/10\/DSC_0917-768x1150.jpg 768w, https:\/\/steevenarcisse.com\/wp-content\/uploads\/2020\/10\/DSC_0917-334x500.jpg 334w, https:\/\/steevenarcisse.com\/wp-content\/uploads\/2020\/10\/DSC_0917-1025x1536.jpg 1025w, https:\/\/steevenarcisse.com\/wp-content\/uploads\/2020\/10\/DSC_0917-1367x2048.jpg 1367w\" sizes=\"auto, (max-width: 200px) 100vw, 200px\" \/>\n\t\t<div class=\"figc no-description\">\n\t\t\t<div class=\"figc-inner\">\n\t\t\t\t\t\t\t\t\t\t\t\t\t\t\t<\/div>\n\t\t<\/div>\n\n\t<\/div>\n\n<\/div><div class=\"modula-item effect-pufrobo\" data-width=\"12\" data-height=\"8\" >\n\t<div class=\"modula-item-overlay\"><\/div>\n\n\t<div class=\"modula-item-content\">\n\n\t\t<a data-image-id=\"1774\" role=\"button\" tabindex=\"0\" rel=\"jtg-1764\" data-caption=\"\" aria-label=\"Open image in lightbox\" class=\"tile-inner modula-item-link\"><\/a><img loading=\"lazy\" decoding=\"async\" class=\"pic wp-image-1774\"  data-valign=\"middle\" data-halign=\"center\" alt=\"\" data-full=\"https:\/\/steevenarcisse.com\/wp-content\/uploads\/2020\/10\/DSC_7575.jpg\" title=\"DSC_7575\" crop=\"\" width=\"300\" height=\"200\" src=\"https:\/\/steevenarcisse.com\/wp-content\/uploads\/2020\/10\/DSC_7575-300x200.jpg\" data-src=\"https:\/\/steevenarcisse.com\/wp-content\/uploads\/2020\/10\/DSC_7575-300x200.jpg\" data-caption=\"\" srcset=\"https:\/\/steevenarcisse.com\/wp-content\/uploads\/2020\/10\/DSC_7575-scaled.jpg 2560w, https:\/\/steevenarcisse.com\/wp-content\/uploads\/2020\/10\/DSC_7575-scaled-300x200.jpg 300w, https:\/\/steevenarcisse.com\/wp-content\/uploads\/2020\/10\/DSC_7575-1024x684.jpg 1024w, https:\/\/steevenarcisse.com\/wp-content\/uploads\/2020\/10\/DSC_7575-768x513.jpg 768w, https:\/\/steevenarcisse.com\/wp-content\/uploads\/2020\/10\/DSC_7575-400x267.jpg 400w, https:\/\/steevenarcisse.com\/wp-content\/uploads\/2020\/10\/DSC_7575-1536x1025.jpg 1536w, https:\/\/steevenarcisse.com\/wp-content\/uploads\/2020\/10\/DSC_7575-2048x1367.jpg 2048w\" sizes=\"auto, (max-width: 300px) 100vw, 300px\" \/>\n\t\t<div class=\"figc no-description\">\n\t\t\t<div class=\"figc-inner\">\n\t\t\t\t\t\t\t\t\t\t\t\t\t\t\t<\/div>\n\t\t<\/div>\n\n\t<\/div>\n\n<\/div>\t\t\n\t<\/div>\n\n\t\n\t\n\t<script type=\"application\/ld+json\">\n\t{\n\t\t\"@context\": \"http:\/\/schema.org\",\n\t\t\"@type\"   : \"ImageGallery\",\n\t\t\"id\"      : \"https:\/\/steevenarcisse.com\/index.php\/lieux-de-shooting\/\",\n\t\t\"url\"     : \"https:\/\/steevenarcisse.com\/index.php\/lieux-de-shooting\/\"\n\t}\n\n\t<\/script>\n\n\t\n<\/div>\n\n\n\n\n<p><\/p>\n","protected":false},"excerpt":{"rendered":"<p>Lieu abandonn\u00e9 \u00e0 Oissel . Lieu discret \u00e0 Romilly, isol\u00e9, personne aux alentours<\/p>\n","protected":false},"author":1,"featured_media":0,"parent":0,"menu_order":0,"comment_status":"closed","ping_status":"closed","template":"","meta":{"footnotes":""},"class_list":["post-1817","page","type-page","status-publish","hentry"],"_links":{"self":[{"href":"https:\/\/steevenarcisse.com\/index.php\/wp-json\/wp\/v2\/pages\/1817","targetHints":{"allow":["GET"]}}],"collection":[{"href":"https:\/\/steevenarcisse.com\/index.php\/wp-json\/wp\/v2\/pages"}],"about":[{"href":"https:\/\/steevenarcisse.com\/index.php\/wp-json\/wp\/v2\/types\/page"}],"author":[{"embeddable":true,"href":"https:\/\/steevenarcisse.com\/index.php\/wp-json\/wp\/v2\/users\/1"}],"replies":[{"embeddable":true,"href":"https:\/\/steevenarcisse.com\/index.php\/wp-json\/wp\/v2\/comments?post=1817"}],"version-history":[{"count":2,"href":"https:\/\/steevenarcisse.com\/index.php\/wp-json\/wp\/v2\/pages\/1817\/revisions"}],"predecessor-version":[{"id":1819,"href":"https:\/\/steevenarcisse.com\/index.php\/wp-json\/wp\/v2\/pages\/1817\/revisions\/1819"}],"wp:attachment":[{"href":"https:\/\/steevenarcisse.com\/index.php\/wp-json\/wp\/v2\/media?parent=1817"}],"curies":[{"name":"wp","href":"https:\/\/api.w.org\/{rel}","templated":true}]}}